What are the prime factors of 251923518?
2, 3, 7, 11, 181763
List the prime factors of 46852487.
11, 29, 193, 761
List the prime factors of 2534833293.
3, 2357, 358483
What are the prime factors of 212305100?
2, 5, 7, 303293
What are the prime factors of 152332196?
2, 19, 839, 2389
List the prime factors of 85866767.
7, 29, 60427
What are the prime factors of 158284651?
7, 3230299
List the prime factors of 68246338.
2, 29, 857, 1373
What are the prime factors of 563442702?
2, 3, 93907117
List the prime factors of 459124256.
2, 14347633
What are the prime factors of 960911659?
113, 8503643
What are the prime factors of 978609890?
2, 5, 1609, 60821
List the prime factors of 59701421.
13, 47, 97711
List the prime factors of 151814186.
2, 193, 393301
What are the prime factors of 2468278206?
2, 3, 137126567
List the prime factors of 1372366715.
5, 43, 61, 269, 389
List the prime factors of 7505773943.
199, 383, 98479
What are the prime factors of 62178957?
3, 137, 211, 239
What are the prime factors of 151256047?
139, 337, 3229
What are the prime factors of 133487966?
2, 2897, 23039
What are the prime factors of 1303927106?
2, 109, 5981317
List the prime factors of 526270711.
41, 349, 36779
List the prime factors of 328342154.
2, 7, 19, 709, 1741
What are the prime factors of 496156050?
2, 3, 5, 13, 17, 1663
List the prime factors of 44746093.
7, 6392299
List the prime factors of 42702484.
2, 11, 41, 23671
List the prime factors of 1779243725.
5, 7, 271, 37517
What are the prime factors of 3339243492?
2, 3, 13, 31, 823, 839
List the prime factors of 815498849.
11, 74136259
What are the prime factors of 8077474654?
2, 8039, 502393
What are the prime factors of 61730161?
61730161
List the prime factors of 49301953.
151, 326503
List the prime factors of 50780505.
3, 5, 113, 29959
List the prime factors of 29896927.
31, 964417
What are the prime factors of 103450922?
2, 51725461
What are the prime factors of 134569878?
2, 3, 3853, 5821
What are the prime factors of 122518916?
2, 13, 19, 9539
What are the prime factors of 77949453?
3, 47, 552833
What are the prime factors of 3210368?
2, 7, 3583
What are the prime factors of 384991968?
2, 3, 41, 97813
What are the prime factors of 109688569?
8179, 13411
List the prime factors of 1775782133.
11119, 159707
What are the prime factors of 274448228?
2, 29, 47, 71, 709
What are the prime factors of 40223825?
5, 947, 1699
What are the prime factors of 594497375?
5, 4755979
List the prime factors of 8234825.
5, 329393
List the prime factors of 370662675.
3, 5, 109, 45341
What are the prime factors of 141712219?
11, 43, 299603
What are the prime factors of 1273679667?
3, 13, 887, 4091
What are the prime factors of 326241009?
3, 101, 358901
What are the prime factors of 361960452?
2, 3, 7, 449, 457
List the prime factors of 1401525389.
11, 101, 601, 2099
List the prime factors of 1176178713.
3, 47, 151, 55243
List the prime factors of 453650617.
7, 181, 358051
What are the prime factors of 175058148?
2, 3, 1217, 11987
List the prime factors of 16919341.
2003, 8447
List the prime factors of 1628124868.
2, 199, 643, 3181
List the prime factors of 303326275.
5, 7, 97, 107, 167
List the prime factors of 6002547768.
2, 3, 7, 907, 1459
List the prime factors of 90912026.
2, 31, 1466323
List the prime factors of 443415818.
2, 221707909
What are the prime factors of 1417586050?
2, 5, 83, 341587
What are the prime factors of 511972956?
2, 3, 11, 691, 1871
List the prime factors of 19668543.
3, 173, 37897
List the prime factors of 963343420.
2, 5, 13, 17, 67, 3253
List the prime factors of 97251727.
677, 143651
What are the prime factors of 242171802?
2, 3, 4484663
What are the prime factors of 3816149594?
2, 127, 15024211
List the prime factors of 1424944494.
2, 3, 26387861
List the prime factors of 456537142.
2, 17, 13427563
What are the prime factors of 251048320?
2, 5, 392263
What are the prime factors of 4485282?
2, 3, 747547
List the prime factors of 24791303.
24791303
List the prime factors of 4361944152.
2, 3, 19, 83, 115249
List the prime factors of 368202620.
2, 5, 2039, 9029
What are the prime factors of 206860202?
2, 8543, 12107
List the prime factors of 4042615270.
2, 5, 397, 1018291
What are the prime factors of 1146615580?
2, 5, 11, 1063, 4903
List the prime factors of 468576053.
11, 59, 721997
List the prime factors of 5241870367.
5241870367
List the prime factors of 213640561.
31, 6891631
List the prime factors of 302256433.
302256433
What are the prime factors of 505416389?
41, 12327229
What are the prime factors of 14846659?
14846659
What are the prime factors of 63414115?
5, 19, 37, 18041
What are the prime factors of 48210715?
5, 7, 389, 3541
List the prime factors of 89735113.
13, 530977
List the prime factors of 7091547012.
2, 3, 11, 17907947
What are the prime factors of 911262632?
2, 7, 16272547
List the prime factors of 923623020.
2, 3, 5, 1710413
List the prime factors of 10179932.
2, 7, 363569
What are the prime factors of 19972979?
13, 47, 97, 337
List the prime factors of 1461947726.
2, 167, 4377089
List the prime factors of 411003888.
2, 3, 8562581
What are the prime factors of 3564190245?
3, 5, 7, 11, 47, 65657
List the prime factors of 32166927.
3, 13, 274931
What are the prime factors of 34621401?
3, 17, 19, 35729
List the prime factors of 244481030.
2, 5, 23, 1031
What are the prime factors of 1097632383?
3, 163, 167, 13441
What are the prime factors of 194698865?
5, 3191, 12203
List the prime factors of 176818932.
2, 3, 167, 29411
What are the prime factors of 2694293925?
3, 5, 35923919
List the prime factors of 3254754595.
5, 401, 1623319
List the prime factors of 272495967.
3, 19, 61, 109, 719
List the prime factors of 19634308.
2, 4908577
What are the prime factors of 42719741?
42719741
List the prime factors of 1093115245.
5, 218623049
What are the prime factors of 35330115?
3, 5, 1367, 1723
List the prime factors of 3578301975.
3, 5, 43, 383, 2897
List the prime factors of 57459402.
2, 3, 7, 11, 13, 1063
What are the prime factors of 46944649?
19, 29, 85199
List the prime factors of 28633817.
19, 29, 157, 331
List the prime factors of 15265368.
2, 3, 29, 2437
List the prime factors of 88127313.
3, 97, 302843
List the prime factors of 226294548.
2, 3, 17, 1109287
What are the prime factors of 133149279?
3, 4001, 11093
What are the prime factors of 444937204?
2, 151, 709, 1039
What are the prime factors of 120462671?
7, 17208953
List the prime factors of 232081919.
10667, 21757
List the prime factors of 2776150038.
2, 3, 307, 1507139
What are the prime factors of 278736134?
2, 139368067
List the prime factors of 50831824.
2, 3176989
What are the prime factors of 89411154?
2, 3, 7, 2128837
What are the prime factors of 2710115989?
7, 387159427
List the prime factors of 175186212.
2, 3, 2707, 5393
What are the prime factors of 274384249?
274384249
List the prime factors of 1787166256.
2, 111697891
What are the prime factors of 5223885506?
2, 7, 373134679
List the prime factors of 807298712.
2, 11, 23, 398863
What are the prime factors of 2071157995?
5, 43, 1723, 5591
What are the prime factors of 85128983?
1381, 61643
List the prime factors of 671689546.
2, 11, 257, 118799
List the prime factors of 37222217.
37222217
List the prime factors of 32318951.
7, 4616993
What are the prime factors of 5570427864?
2, 3, 232101161
What are the prime factors of 82681882?
2, 19, 379, 5741
List the prime factors of 1856647264.
2, 499, 116273
What are the prime factors of 1620322032?
2, 3, 7, 23, 209669
List the prime factors of 36749515.
5, 11, 19, 23, 139
List the prime factors of 1346766125.
5, 10774129
What are the prime factors of 738198492?
2, 3, 1117, 55073
What are the prime factors of 139588491?
3, 7, 131, 50741
What are the prime factors of 78847609?
79, 998071
What are the prime factors of 4896863111?
7, 79, 8855087
List the prime factors of 31516492.
2, 7, 367, 3067
List the prime factors of 441708241.
13, 557, 61001
List the prime factors of 518233888.
2, 16194809
What are the prime factors of 667160745?
3, 5, 179, 248477
What are the prime factors of 256858780?
2, 5, 17, 43, 17569
List the prime factors of 17048995.
5, 131, 26029
List the prime factors of 231600529.
231600529
What a